(-6). Let g be (-3)/2*2 - (0 + n). Let b(i) = i**3 - i**2 + 2*i + 1. What is b(g)?
-15
Let s(o) = -27*o - 31. Let l(c) = 13*c + 15. Let f(r) = -13*l(r) - 6*s(r). Let y(h) = 13*h + 17. Let k(z) = 11*f(z) + 6*y(z). Give k(-4).
-1
Let l(p) be the first derivative of p**4/4 + 5*p**3/3 - p**2 - 6*p + 80. Determine l(-5).
4
Let b be (-6 + 2)*(-23)/4. Let p = -18 + b. Let d(i) = -p*i**3 - i**3 - 2 - i**2 + 5*i**3 - i. What is d(0)?
-2
Let f be (12/1)/2 - 1890/324. Let w(p) be the second derivative of 5*p - 1/3*p**3 + 0 - 3/2*p**2 + f*p**4 + 1/10*p**5. Determine w(-2).
-7
Let i(o) = -11*o - 2. Suppose -10 = -2*s - 4*j, s + j = 5*j - 7. Give i(s).
-13
Let v = -3 - -2. Let j(x) = -x**2 - 9*x - 9. Let t be j(-6). Let u(c) = 14*c - 9 - t*c + 10. Calculate u(v).
-4
Let x(n) = n**2 + 9*n + 26. Let p be x(-4). Let h(a) = 2*a - 8. Determine h(p).
4
Let w(r) = 2*r**3 + 21*r**2 + 12*r + 33. Let x be w(-10). Let g(l) = l - 8. What is g(x)?
5
Let l be (9/(-15))/((-3)/30*-1). Let r(d) be the first derivative of d**4/24 + 5*d**3/6 - d**2/2 - 2. Let n(f) be the second derivative of r(f). Determine n(l).
-1
Let r(y) = 10*y + 27. Let g(m) = 5*m + 13. Let i(d) = 13*g(d) - 6*r(d). Calculate i(5).
32
Let t be (-6 - (0 - 6))/(-4). Let p(l) = -l**3 + 2*l**2 + 4*l - 1. Let a be p(3). Let q(v) = -v**a + 2 + 3*v + 1 - 2*v. Determine q(t).
3
Suppose z - 35 + 33 = 0. Suppose -6 = -4*i + z. Let d(l) = l**2 + 3*l - 3. Calculate d(i).
7
Let l(g) = g - g + 6*g**2 - g**3 - 8 + 2*g**3 + 6. Determine l(-4).
30
Let t(a) = a**2 - 4*a + 4. Suppose -35 + 11 = 12*i. Let v be (-6)/(-1 + i - -1). Give t(v).
1
Let n(a) be the third derivative of -a**4/3 - a**3/3 - 3*a**2. Suppose -3*z + 54 + 120 = 0. Let w = 60 - z. Determine n(w).
-18
Let a = -1 - -7. Let q(g) = -125*g - 2. Let m(d) = 31*d - 1. Let r(j) = 4*m(j) + q(j). Determine r(a).
-12
Let k(j) = 3*j - 1. Suppose -c + 0*m + 3*m = -14, 0 = 2*m + 8. Let p = c - -6. Let l = 10 - p. Calculate k(l).
5
Let n = -10 - -15. Let s(g) = n*g - g**2 + g**2 + 2 + 0 + g**2. Calculate s(-3).
-4
Let f(s) = 13*s**2 + 11*s - 30. Let r(t) = -3*t**2 - 3*t + 7. Let x(v) = 2*f(v) + 9*r(v). Let d(u) = -2*u + 9. Let h be d(6). Let w = -8 - h. Give x(w).
3
Let h be ((-8)/14)/((-2)/7). Let n(g) = 2*g**2 - 3*g + 1 - 2*g - 4 - 3*g**h. Let q be ((-128)/(-80))/(4/(-10)). Determine n(q).
1
Let x(w) be the first derivative of w**7/840 - w**6/60 + w**5/40 + w**4/24 + 11*w**3/3 - 11. Let s(k) be the third derivative of x(k). What is s(5)?
-9
Let s(x) = -x**2 + x + 5. Let b = -44 + 38. Let k(y) = -y**3 - 7*y**2 - 2*y + 24. Let q be k(b). Give s(q).
5
Let z(u) = -u**2 + 3*u + 1. Let j be z(3). Suppose -5 = -o - j. Let m be (-22)/5 - o/(-10). Let t(v) = -v + 2. Calculate t(m).
6
Let r(y) = -58*y**2 + 16*y + 7. Let n(k) = 25*k**2 - 7*k - 3. Let j(w) = -14*n(w) - 6*r(w). What is j(5)?
-40
Let p = 7 - 1. Let w(i) be the first derivative of -i**4/24 + 2*i**3/3 - 9*i**2/2 - 8. Let m(a) be the second derivative of w(a). Give m(p).
-2
Let r(f) be the second derivative of f**4/12 - f**3/6 - 9*f**2/2 + 2*f - 207. What is r(5)?
11
Let d(z) be the second derivative of 1/6*z**3 - 2*z**2 + 0 - 49*z. Determine d(2).
-2
Let w(d) = d**2 - 12*d - 2. Suppose -3*z - 5*j - 105 = -8*z, -5*j - 21 = -z. Suppose -2*h + 8 = -5*u - z, 3*u + 27 = 2*h. What is w(h)?
-2
Let n(u) = u**2 - 3*u - 2. Let i(k) = -k + 4. Let r be i(0). Suppose -2*z - p + 9 = 0, -5*z - 3 + 15 = -p. Let g be r/z*12/(-8). Determine n(g).
8
Let d(m) = -23*m**2 - 28*m**2 + 0*m - 39 + 7*m - 31*m + 50*m**2. Give d(-22).
5
Let k(x) = -3 - 16*x + 0 + 14*x + x. Let j(r) = -3*r**2 - 4*r + 7. Let v(l) = -2*l**2 - 3*l + 6. Let z(p) = -3*j(p) + 4*v(p). Let w be z(0). Calculate k(w).
-6
Suppose 0 = -2*t + 4*t - 4. Let v(l) = 3 - l - 4 + 4 - l**t. Suppose 2*a + 482 = 476. Give v(a).
-3
Let h(k) = 30*k**2 - 14*k + 14. Let d(v) = 10*v**2 - 5*v + 5. Let l(c) = -11*d(c) + 4*h(c). Suppose 2674 = -9*s + 2683. What is l(s)?
10
Let k = -25 + 25. Suppose k = -5*g - 0*g - 40. Let o = -5 - g. Let t(r) = r + 1. What is t(o)?
4
Let r(s) = -3*s + s**2 - 2 - 4*s + 4*s - 6 + 0*s. Determine r(4).
-4
Let n(s) be the second derivative of -s**5/20 - s**4/6 + 5*s**3/6 + 5*s**2/2 - s + 30. Determine n(-2).
-5
Let f(a) be the third derivative of -7*a**5/12 + a**4/24 - a**3/6 - 2*a**2 + 7. What is f(1)?
-35
Let v(x) = -2*x + 6. Let t(g) = 13*g + 172. Let i be t(-13). Give v(i).
0
Suppose 28*j = -61*j. Let s(v) = v**3 - v**2 + v + 2. Calculate s(j).
2
Let s(h) = h - 2. Let j be s(-13). Let m = -15 - j. Let r(y) = y - 2. Let c(q) = -2*q + 3. Let v(g) = -2*c(g) - 5*r(g). Give v(m).
4
Let c(o) be the third derivative of -5*o**4/12 - 5*o**3/3 - 18*o**2 - 2*o. Give c(-5).
40
Let u(n) = -n**2 + n - 1. Let y(r) = r**2 + r - 1. Let d(x) = 12*x**2 - 3*x + 3. Let b(k) = d(k) - 5*y(k). Let j(q) = -b(q) - 6*u(q). Determine j(3).
-5
Let y(h) = 16*h - 8. Let g(s) = 7*s - 3. Let c(i) = 5*g(i) - 2*y(i). Determine c(-7).
-20
Let h(i) be the second derivative of i**5/60 - i**4/24 - i**3/6 + 11*i**2/2 - 15*i. Let q(n) be the first derivative of h(n). Calculate q(0).
-1
Let g(v) = v**2 - 3*v + 1. Let c(y) be the third derivative of -y**5/12 + y**4/2 - y**3/2 - y**2. Let t(b) = -2*c(b) - 9*g(b). Calculate t(-3).
-3
Let z(r) = 3*r + 130*r**2 - 135*r**2 + 108*r**3 - 107*r**3. What is z(2)?
-6
Suppose -13 = 5*z + 22. Let o be (-4)/(-10) + (-37)/5. Let p = z - o. Let k(a) = a**2 - a + 8. What is k(p)?
8
Suppose 0 = 2*h - 2*i - 53 + 187, -h - 65 = -3*i. Let w = 64 + h. Let z(k) = -k - 1. Calculate z(w).
3
Let l(a) = a**2 + 2*a - 8. Let w = -458 + 464. Calculate l(w).
40
Let w(i) = -16*i - 1. Let c(p) = p**3 + 9*p**2 + 7*p - 9. Suppose -30 = 3*k + 2*s, -4*k - 5 - 33 = 2*s. Let q be c(k). What is w(q)?
15
Let u(c) = -14*c + 50. Let g(a) = 6*a - 23. Let i(x) = 9*g(x) + 4*u(x). Give i(-4).
1
Let a = -19 - -23. Let t(q) = 22 - 53 - a*q + 27. What is t(-4)?
12
Let z(n) = -5*n**2 - 6 + 0*n**3 - n + 0*n**2 + n**3. Let w(p) = 1428*p - 2851. Let t be w(2). Calculate z(t).
-11
Suppose s - 6 = -6*b + 7*b, 0 = 5*b + 4*s + 12. Let y(f) = -6*f - 3 - 4 - f**2 + 1. Calculate y(b).
2
Let b(p) = 9*p**2 + 0 - p**3 + 10*p - 6 - 9*p. Let r be b(9). Let w(x) = -1 + 3*x - x - r. What is w(3)?
2
Let i = 329 - 333. Let t(g) = -g**2 + 3*g + 6. Calculate t(i).
-22
Let b(p) = -5*p**2 + 9*p - 11. Let n(m) = 42*m**2 - 25*m**2 - 18*m**2 - 2 + 2*m. Let l(a) = 2*b(a) - 11*n(a). What is l(5)?
5
Let l(r) = -4*r**3 + r**2 - 6. Let q(z) = -z**3 + z**2 - z - 1. Let p(i) = -l(i) + 3*q(i). Suppose 2*d + 3 = -3. Calculate p(d).
3
Suppose 5*m - 26 = -151. Let v be (-8)/28 + (-4 - 468/28). Let u = v - m. Let o(s) = -s**3 + 3*s**2 + s + 2. Calculate o(u).
-10
Suppose 2*a = 2*p - 0*a, -2 = 5*p - 3*a. Let x(w) = 27*w - 34*w + 3*w + 16*w. Give x(p).
-12
Let m(d) = d**3 - 3*d**2 + 2*d + 1. Let l be (6/9 - -4)/(1/6). Suppose -4*p + 5*y - 6 + l = 0, 2*p + y = 4. Give m(p).
7
Let n(g) = -g**3 + 4*g**2 - g - 2. Let p = -353 + 357. What is n(p)?
-6
Let l be (-36)/45*15/(-6). Let v(d) = 16*d**2 + l*d - 4 + d + 14*d**2 - 31*d**2. What is v(3)?
-4
Let a(h) = h**3 - 4*h**2 - 9*h + 3. Let n be 7/(-42)*1 + 222/36. What is a(n)?
21
Let j(x) = -19*x - 44. Let k be j(-2). Let o(v) = v**3 + 5*v**2 - 3*v - 5. Give o(k).
-23
Suppose 34*q - 36 + 2 = 0. Let b(g) = 17*g**3 - 4*g**2 + 4*g - 4. Let r(f) = f**2 - f + 1. Let t(d) = b(d) + 3*r(d). Give t(q).
16
Let a be (6 - (-30)/(-4))*(3 + -1). Let i(g) be the first derivative of -4*g + 1/4*g**4 + 1 + 2/3*g**3 - 5/2*g**2. Give i(a).
2
Let p(v) be the second derivative of -1/12*v**4 + 0 + 28*v - v**2 + 0*v**3. Determine p(0).
-2
Let t(o) = 11*o**3 + 10*o**2 - 9*o + 13. Let x(s) = 5*s**3 + 5*s**2 - 4*s + 6. Let d(q) = 4*t(q) - 9*x(q). Determine d(-5).
-2
Let g(h) = -7*h - 7. Let a(k) = 8*k + 9. Let s(j) = -2*a(j) - 3*g(j). Give s(-3).
-12
Let f(t) = 5*t**2 - t + 1. Suppose 4*w - 11 = 2*r + 15, 0 = -5*w - 4*r. Let b(h) = -h**2 - h. Let g(z) = w*b(z) + f(z). Let v = -2 + 7. Give g(v).
1
Let h(s) = -2*s + 11. Suppose -11*c + 392 = 38*c. What is h(c)?
-5
Let j(u) = u**2 - 6*u - 4. Let z = -141 - -140. Let x(c) = c**2 + 2*c - 2. Let t be x(-4). Let f be (2 - 1)*(z + t). Calculate j(f).
-9
Let l(h) = 34*h**2 - 77*h**2 + 39*h**2 + h - h**3. What is l(-5)?
20
Let y(k) = -2*k + 7. Suppose -4*z + w + 9 = 0, -z - 9 = -0